{"id":266,"date":"2019-08-07T10:40:51","date_gmt":"2019-08-07T10:40:51","guid":{"rendered":"http:\/\/www.orsiniarchitects.com\/?page_id=266"},"modified":"2020-03-26T16:18:52","modified_gmt":"2020-03-26T16:18:52","slug":"interiors","status":"publish","type":"page","link":"https:\/\/www.orsiniarchitects.com\/index.php\/interiors\/","title":{"rendered":"INTERIORS"},"content":{"rendered":"<div class=\"bm-builder\"><div class=\"module col-0   module-id-1565174475741\" data-module-col=\"0\"><div class=\"module-inside clearfix\"><div class=\"text_block_out \" data-animationend=\"fadeined\"><div class=\"text_block ux-mod-nobg\" style=\"\"><div class=\"text_block_inn\"><div class=\"text_block_centered \" style=\"padding-left: 80px; padding-right: 80px;\"><p style=\"text-align: justify; \"><span style=\"font-size: 26px;\" data-msize=\"14\"><br><\/span><\/p>\r\n<p><span style=\"font-size: 22px;\"><br>\r\n<\/span><\/p>\r\n<p style=\"text-align: justify;\"><br><\/p>\r\n<p style=\"text-align: justify; \"><span style=\"font-size: 22px;\" data-msize=\"14\">L\u2019Interior Design \u00e8 da sempre il fiore all\u2019occhiello dello studio Orsini che pu\u00f2 vantare anche la collaborazione di alcune delle imprese di falegnameria e artigianato pi\u00f9 conosciute e stimate nel territorio.<\/span><\/p>\r\n<p style=\"text-align: justify;\"><span style=\"font-size: 22px;\" data-msize=\"14\">Gli architetti dello staff possono contare non solo sull\u2019esperienza ma anche sullo stile unico e impareggiabile, sviluppato dai fondatori e trasmesso alle giovani leve che militano nello studio, creando un vero e proprio trend, riconoscibile nei materiali e nell\u2019attenzione al pi\u00f9 piccolo dettaglio.<\/span><\/p>\r\n<p style=\"text-align: justify;\"><span style=\"font-size: 22px;\" data-msize=\"14\">I nostri designer disegnano, progettano e realizzano pezzi d\u2019arredamento su misura in base alle specifiche richieste del cliente, permettendo una personalizzazione unica nel settore.<\/span><\/p>\r\n<p style=\"text-align: justify;\"><span style=\"font-size: 22px;\" data-msize=\"14\">Definire al meglio gli interni e l\u2019arredamento non \u00e8 solo un compito tecnico e funzionale ma richiede anche creativit\u00e0, unicit\u00e0 e spirito d\u2019iniziativa: occorre saper sondare le potenzialit\u00e0 dello spazio, qualit\u00e0 che all\u2019interior design dello studio Orsini Architects non manca.<\/span><\/p>\r\n<p style=\"text-align: justify;\"><br><\/p>\r\n<p><span style=\"font-size: 26px;\" data-msize=\"14\"><br><\/span><\/p>\r\n<\/div><\/div><\/div><\/div><\/div><\/div><\/div>","protected":false},"excerpt":{"rendered":"","protected":false},"author":1,"featured_media":271,"parent":0,"menu_order":0,"comment_status":"closed","ping_status":"closed","template":"","meta":{"inline_featured_image":false,"footnotes":""},"_links":{"self":[{"href":"https:\/\/www.orsiniarchitects.com\/index.php\/wp-json\/wp\/v2\/pages\/266"}],"collection":[{"href":"https:\/\/www.orsiniarchitects.com\/index.php\/wp-json\/wp\/v2\/pages"}],"about":[{"href":"https:\/\/www.orsiniarchitects.com\/index.php\/wp-json\/wp\/v2\/types\/page"}],"author":[{"embeddable":true,"href":"https:\/\/www.orsiniarchitects.com\/index.php\/wp-json\/wp\/v2\/users\/1"}],"replies":[{"embeddable":true,"href":"https:\/\/www.orsiniarchitects.com\/index.php\/wp-json\/wp\/v2\/comments?post=266"}],"version-history":[{"count":11,"href":"https:\/\/www.orsiniarchitects.com\/index.php\/wp-json\/wp\/v2\/pages\/266\/revisions"}],"predecessor-version":[{"id":270,"href":"https:\/\/www.orsiniarchitects.com\/index.php\/wp-json\/wp\/v2\/pages\/266\/revisions\/270"}],"wp:featuredmedia":[{"embeddable":true,"href":"https:\/\/www.orsiniarchitects.com\/index.php\/wp-json\/wp\/v2\/media\/271"}],"wp:attachment":[{"href":"https:\/\/www.orsiniarchitects.com\/index.php\/wp-json\/wp\/v2\/media?parent=266"}],"curies":[{"name":"wp","href":"https:\/\/api.w.org\/{rel}","templated":true}]}}